{"id":446,"date":"2025-11-14T14:24:00","date_gmt":"2025-11-14T17:24:00","guid":{"rendered":"https:\/\/www.adrielmoro.pro\/?page_id=446"},"modified":"2025-11-14T14:27:42","modified_gmt":"2025-11-14T17:27:42","slug":"videos-artigos","status":"publish","type":"page","link":"https:\/\/www.adrielmoro.pro\/index.php\/videos-artigos\/","title":{"rendered":"V\u00eddeos e Artigos"},"content":{"rendered":"\n<h2 class=\"wp-block-heading alignfull has-text-align-center\">V\u00eddeos e artigos<\/h2>\n\n\n\n<figure class=\"wp-block-embed aligncenter is-type-video is-provider-youtube wp-block-embed-youtube wp-embed-aspect-16-9 wp-has-aspect-ratio\"><div class=\"wp-block-embed__wrapper\">\n<iframe title=\"9 princ\u00edpios para transformar a experi\u00eancia dos seus clientes, Adriel Moro #thedevconf\" width=\"500\" height=\"281\" src=\"https:\/\/www.youtube.com\/embed\/hOpDIugVtNw?feature=oembed&#038;enablejsapi=1&#038;origin=https:\/\/www.adrielmoro.pro\" frameborder=\"0\" allow=\"accelerometer; autoplay; clipboard-write; encrypted-media; gyroscope; picture-in-picture; web-share\" referrerpolicy=\"strict-origin-when-cross-origin\" allowfullscreen><\/iframe>\n<\/div><\/figure>\n","protected":false},"excerpt":{"rendered":"<p>V\u00eddeos e artigos<\/p>\n","protected":false},"author":2,"featured_media":0,"parent":0,"menu_order":0,"comment_status":"closed","ping_status":"closed","template":"","meta":{"footnotes":""},"class_list":["post-446","page","type-page","status-publish","hentry"],"yoast_head":"<!-- This site is optimized with the Yoast SEO plugin v27.4 - https:\/\/yoast.com\/product\/yoast-seo-wordpress\/ -->\n<title>V\u00eddeos e Artigos - Consultoria, Mentoria e Treinamentos em Gest\u00e3o<\/title>\n<meta name=\"robots\" content=\"index, follow, max-snippet:-1, max-image-preview:large, max-video-preview:-1\" \/>\n<link rel=\"canonical\" href=\"https:\/\/www.adrielmoro.pro\/index.php\/videos-artigos\/\" \/>\n<meta property=\"og:locale\" content=\"pt_BR\" \/>\n<meta property=\"og:type\" content=\"article\" \/>\n<meta property=\"og:title\" content=\"V\u00eddeos e Artigos - Consultoria, Mentoria e Treinamentos em Gest\u00e3o\" \/>\n<meta property=\"og:description\" content=\"V\u00eddeos e artigos\" \/>\n<meta property=\"og:url\" content=\"https:\/\/www.adrielmoro.pro\/index.php\/videos-artigos\/\" \/>\n<meta property=\"og:site_name\" content=\"Consultoria, Mentoria e Treinamentos em Gest\u00e3o\" \/>\n<meta property=\"article:modified_time\" content=\"2025-11-14T17:27:42+00:00\" \/>\n<meta name=\"twitter:card\" content=\"summary_large_image\" \/>\n<meta name=\"twitter:label1\" content=\"Est. tempo de leitura\" \/>\n\t<meta name=\"twitter:data1\" content=\"1 minuto\" \/>\n<script type=\"application\/ld+json\" class=\"yoast-schema-graph\">{\"@context\":\"https:\\\/\\\/schema.org\",\"@graph\":[{\"@type\":\"WebPage\",\"@id\":\"https:\\\/\\\/www.adrielmoro.pro\\\/index.php\\\/videos-artigos\\\/\",\"url\":\"https:\\\/\\\/www.adrielmoro.pro\\\/index.php\\\/videos-artigos\\\/\",\"name\":\"V\u00eddeos e Artigos - Consultoria, Mentoria e Treinamentos em Gest\u00e3o\",\"isPartOf\":{\"@id\":\"https:\\\/\\\/www.adrielmoro.pro\\\/#website\"},\"datePublished\":\"2025-11-14T17:24:00+00:00\",\"dateModified\":\"2025-11-14T17:27:42+00:00\",\"breadcrumb\":{\"@id\":\"https:\\\/\\\/www.adrielmoro.pro\\\/index.php\\\/videos-artigos\\\/#breadcrumb\"},\"inLanguage\":\"pt-BR\",\"potentialAction\":[{\"@type\":\"ReadAction\",\"target\":[\"https:\\\/\\\/www.adrielmoro.pro\\\/index.php\\\/videos-artigos\\\/\"]}]},{\"@type\":\"BreadcrumbList\",\"@id\":\"https:\\\/\\\/www.adrielmoro.pro\\\/index.php\\\/videos-artigos\\\/#breadcrumb\",\"itemListElement\":[{\"@type\":\"ListItem\",\"position\":1,\"name\":\"In\u00edcio\",\"item\":\"https:\\\/\\\/www.adrielmoro.pro\\\/\"},{\"@type\":\"ListItem\",\"position\":2,\"name\":\"V\u00eddeos e Artigos\"}]},{\"@type\":\"WebSite\",\"@id\":\"https:\\\/\\\/www.adrielmoro.pro\\\/#website\",\"url\":\"https:\\\/\\\/www.adrielmoro.pro\\\/\",\"name\":\"Consultoria, Mentoria e Treinamentos em Gest\u00e3o\",\"description\":\"Consultoria, Mentoria e Treinamentos em Gest\u00e3o Empresarial\",\"publisher\":{\"@id\":\"https:\\\/\\\/www.adrielmoro.pro\\\/#organization\"},\"potentialAction\":[{\"@type\":\"SearchAction\",\"target\":{\"@type\":\"EntryPoint\",\"urlTemplate\":\"https:\\\/\\\/www.adrielmoro.pro\\\/?s={search_term_string}\"},\"query-input\":{\"@type\":\"PropertyValueSpecification\",\"valueRequired\":true,\"valueName\":\"search_term_string\"}}],\"inLanguage\":\"pt-BR\"},{\"@type\":\"Organization\",\"@id\":\"https:\\\/\\\/www.adrielmoro.pro\\\/#organization\",\"name\":\"Consultoria, Mentoria e Treinamentos em Gest\u00e3o\",\"url\":\"https:\\\/\\\/www.adrielmoro.pro\\\/\",\"logo\":{\"@type\":\"ImageObject\",\"inLanguage\":\"pt-BR\",\"@id\":\"https:\\\/\\\/www.adrielmoro.pro\\\/#\\\/schema\\\/logo\\\/image\\\/\",\"url\":\"https:\\\/\\\/www.adrielmoro.pro\\\/wp-content\\\/uploads\\\/2025\\\/09\\\/noBgColor-scaled.png\",\"contentUrl\":\"https:\\\/\\\/www.adrielmoro.pro\\\/wp-content\\\/uploads\\\/2025\\\/09\\\/noBgColor-scaled.png\",\"width\":2560,\"height\":1248,\"caption\":\"Consultoria, Mentoria e Treinamentos em Gest\u00e3o\"},\"image\":{\"@id\":\"https:\\\/\\\/www.adrielmoro.pro\\\/#\\\/schema\\\/logo\\\/image\\\/\"}}]}<\/script>\n<!-- \/ Yoast SEO plugin. -->","yoast_head_json":{"title":"V\u00eddeos e Artigos - Consultoria, Mentoria e Treinamentos em Gest\u00e3o","robots":{"index":"index","follow":"follow","max-snippet":"max-snippet:-1","max-image-preview":"max-image-preview:large","max-video-preview":"max-video-preview:-1"},"canonical":"https:\/\/www.adrielmoro.pro\/index.php\/videos-artigos\/","og_locale":"pt_BR","og_type":"article","og_title":"V\u00eddeos e Artigos - Consultoria, Mentoria e Treinamentos em Gest\u00e3o","og_description":"V\u00eddeos e artigos","og_url":"https:\/\/www.adrielmoro.pro\/index.php\/videos-artigos\/","og_site_name":"Consultoria, Mentoria e Treinamentos em Gest\u00e3o","article_modified_time":"2025-11-14T17:27:42+00:00","twitter_card":"summary_large_image","twitter_misc":{"Est. tempo de leitura":"1 minuto"},"schema":{"@context":"https:\/\/schema.org","@graph":[{"@type":"WebPage","@id":"https:\/\/www.adrielmoro.pro\/index.php\/videos-artigos\/","url":"https:\/\/www.adrielmoro.pro\/index.php\/videos-artigos\/","name":"V\u00eddeos e Artigos - Consultoria, Mentoria e Treinamentos em Gest\u00e3o","isPartOf":{"@id":"https:\/\/www.adrielmoro.pro\/#website"},"datePublished":"2025-11-14T17:24:00+00:00","dateModified":"2025-11-14T17:27:42+00:00","breadcrumb":{"@id":"https:\/\/www.adrielmoro.pro\/index.php\/videos-artigos\/#breadcrumb"},"inLanguage":"pt-BR","potentialAction":[{"@type":"ReadAction","target":["https:\/\/www.adrielmoro.pro\/index.php\/videos-artigos\/"]}]},{"@type":"BreadcrumbList","@id":"https:\/\/www.adrielmoro.pro\/index.php\/videos-artigos\/#breadcrumb","itemListElement":[{"@type":"ListItem","position":1,"name":"In\u00edcio","item":"https:\/\/www.adrielmoro.pro\/"},{"@type":"ListItem","position":2,"name":"V\u00eddeos e Artigos"}]},{"@type":"WebSite","@id":"https:\/\/www.adrielmoro.pro\/#website","url":"https:\/\/www.adrielmoro.pro\/","name":"Consultoria, Mentoria e Treinamentos em Gest\u00e3o","description":"Consultoria, Mentoria e Treinamentos em Gest\u00e3o Empresarial","publisher":{"@id":"https:\/\/www.adrielmoro.pro\/#organization"},"potentialAction":[{"@type":"SearchAction","target":{"@type":"EntryPoint","urlTemplate":"https:\/\/www.adrielmoro.pro\/?s={search_term_string}"},"query-input":{"@type":"PropertyValueSpecification","valueRequired":true,"valueName":"search_term_string"}}],"inLanguage":"pt-BR"},{"@type":"Organization","@id":"https:\/\/www.adrielmoro.pro\/#organization","name":"Consultoria, Mentoria e Treinamentos em Gest\u00e3o","url":"https:\/\/www.adrielmoro.pro\/","logo":{"@type":"ImageObject","inLanguage":"pt-BR","@id":"https:\/\/www.adrielmoro.pro\/#\/schema\/logo\/image\/","url":"https:\/\/www.adrielmoro.pro\/wp-content\/uploads\/2025\/09\/noBgColor-scaled.png","contentUrl":"https:\/\/www.adrielmoro.pro\/wp-content\/uploads\/2025\/09\/noBgColor-scaled.png","width":2560,"height":1248,"caption":"Consultoria, Mentoria e Treinamentos em Gest\u00e3o"},"image":{"@id":"https:\/\/www.adrielmoro.pro\/#\/schema\/logo\/image\/"}}]}},"_links":{"self":[{"href":"https:\/\/www.adrielmoro.pro\/index.php\/wp-json\/wp\/v2\/pages\/446","targetHints":{"allow":["GET"]}}],"collection":[{"href":"https:\/\/www.adrielmoro.pro\/index.php\/wp-json\/wp\/v2\/pages"}],"about":[{"href":"https:\/\/www.adrielmoro.pro\/index.php\/wp-json\/wp\/v2\/types\/page"}],"author":[{"embeddable":true,"href":"https:\/\/www.adrielmoro.pro\/index.php\/wp-json\/wp\/v2\/users\/2"}],"replies":[{"embeddable":true,"href":"https:\/\/www.adrielmoro.pro\/index.php\/wp-json\/wp\/v2\/comments?post=446"}],"version-history":[{"count":3,"href":"https:\/\/www.adrielmoro.pro\/index.php\/wp-json\/wp\/v2\/pages\/446\/revisions"}],"predecessor-version":[{"id":450,"href":"https:\/\/www.adrielmoro.pro\/index.php\/wp-json\/wp\/v2\/pages\/446\/revisions\/450"}],"wp:attachment":[{"href":"https:\/\/www.adrielmoro.pro\/index.php\/wp-json\/wp\/v2\/media?parent=446"}],"curies":[{"name":"wp","href":"https:\/\/api.w.org\/{rel}","templated":true}]}}